t derivative of a**3/3 - 18*a - 44. Let o be t(-4). Let j(x) = 38*x**2 - 4*x - 11. Is j(o) a prime number?
True
Let y = -369 + 371. Suppose -y*i - 1001 = -13*i. Is i prime?
False
Let b = -1902 - -4579. Let y = -1278 + b. Is y prime?
True
Let z be (0 + 3)*(13 + -8 + -7). Is 4/z - 38545/(-15) a prime number?
False
Suppose -136 = -6*l + 2*l + 2*y, 128 = 3*l + 5*y. Suppose 72*k - l = 69*k. Is 5727 + 1*2 + k/(-2) composite?
True
Let l(a) = a**3 + 25*a**2 + 24*a - 15. Let n be l(-19). Suppose n = 23*u - 18*u. Is u a composite number?
True
Let g = 34857 - -20722. Is g a prime number?
True
Suppose -2*d + 25 - 21 = 0. Suppose -3*n + 15 = 0, -4*t - t - d*n - 185 = 0. Let z = t - -94. Is z a composite number?
True
Let a = 3763 + -3767. Let k(j) = 16 + 3*j**2 - 6*j**3 + 0*j**2 - 7 - 2*j. Is k(a) a prime number?
True
Suppose d = 4*c - 1944, -2*d - 3897 = -0*c - 5*c. Let n = d + 3215. Is n composite?
False
Suppose 2*x = 7*x - 3*j + 46, -j = 4*x + 30. Let k be 26706/8 + 2/x. Let a = -1803 + k. Is a a composite number?
True
Let h(g) = -5*g + 7. Let c(w) = -5*w + 7. Let m(v) = 6*c(v) - 7*h(v). Let a be m(2). Suppose -4*y + a*x = y - 2020, -y + 392 = -3*x. Is y a prime number?
False
Let x(t) = 9451*t**2 + 752*t - 3772. Is x(5) composite?
True
Let x = 45 + -36. Suppose x*j - 4*j + 16370 = 0. Is (2/(-4))/(1/j) prime?
True
Suppose -3*f + 3*b + 104705 + 214945 = 0, 2*b + 106547 = f. Is f prime?
False
Suppose 3*t + 4*q - 30231 = 0, -3*t = 15*q - 16*q - 30231. Is t composite?
True
Is (5251202/(-10))/(-11) - 18/15 a prime number?
True
Let t(p) = -4*p + 20. Let y(v) = -3*v + 21. Let z(l) = -4*t(l) + 5*y(l). Let k be z(-20). Suppose -1455 - 13520 = -k*m. Is m prime?
False
Let r(i) = -4*i - 416*i**2 + 0*i + 2389*i**2 + 2 + 3*i. Let t be r(1). Let x = -1097 + t. Is x a composite number?
False
Let p(c) be the second derivative of c**5/20 - 13*c**4/12 - 21*c**2/2 - 21*c. Let f be p(13). Is (-1463)/f + 4/(-6) - 0 composite?
True
Suppose 8*k - 3*s - 265555 = 0, 19*s = -2*k + 21*s + 66400. Is k a composite number?
False
Let z(r) = -2*r**3 - 24*r**2 + 91*r - 658. Is z(-53) a prime number?
False
Suppose 0*a - 4*a - 788953 = -5*h, a - 473382 = -3*h. Is h prime?
True
Let u = -83511 + 143308. Is u a composite number?
False
Let q = 741 - 439. Let s be q/6 + 19/(-57). Suppose -2*l + s = -l - 4*p, l - 54 = 5*p. Is l composite?
True
Is 71027 + (-18)/(-63)*42 a composite number?
False
Let x(z) = -7000*z + 29. Let s be x(2). Is ((-5)/((-15)/s))/((-3)/6) composite?
True
Let d be ((-8)/(-10))/(84/20 + -4). Suppose -d*f = 2*f - 50118. Is f a composite number?
False
Let n(k) = k + 20. Let m be n(0). Let d = -3745 + 3747. Suppose 0*o + m = 5*o, -d*o - 6797 = -5*c. Is c a prime number?
True
Let p(z) = 57*z - 19. Let x(t) = -28*t + 9. Let c(d) = 2*p(d) + 5*x(d). Suppose -6*r = -15*r - 72. Is c(r) a prime number?
False
Is ((-3)/7)/(204/(-388090892)) a prime number?
True
Is (-4)/6*(-27 + 14806077/(-2)) composite?
False
Let v(t) = 1794*t - 1721 + 1722 + 36*t. Is v(1) a prime number?
True
Let x = -47065 + 71519. Is x composite?
True
Let n = -51 + 59. Let i be 21/12 - (-2)/n*1. Suppose -5*c + 460 = 5*w, 3*c = i*c - 4*w + 101. Is c a composite number?
False
Suppose 12 = -3*n - 4*x, 0 = 5*n - 3*x - 9. Suppose n = -14*j + 68899 + 52019. Is j a composite number?
True
Suppose -13*o = 124274 - 315452. Suppose -4*f + 29356 = -4*g, 7*g + o = 2*f + 12*g. Is f a composite number?
True
Suppose 5*o + 2*m - 1314091 = 0, -o - 45*m + 262811 = -41*m. Is o composite?
False
Suppose p - 165744 = -5*l, 2*p - 94119 = -4*l + 237375. Is p a composite number?
False
Let c(m) be the second derivative of 65*m**3/3 + 47*m**2/2 - 15*m - 1. Is c(30) composite?
False
Let s(f) = 7*f**2 - 5*f + 23. Let k be 98/21 - (-2)/(-3). Is s(k) a prime number?
False
Let v(x) = x**2 + 7*x - 115. Let r be v(-15). Suppose -4*z = -3*j + 7727, r*j - 3*z - 12857 = -7*z. Is j a prime number?
False
Let r(i) = i + 3. Let k be r(0). Suppose k*s - 8*s = -120. Suppose -q + 11 = d, -4*q - d + s = -8. Is q prime?
True
Let p(f) = 545*f + 64. Let a be p(20). Let i = a + -4615. Is i prime?
False
Suppose 0 = 5*h - 3*o - 3601789, 4*h - 1599033 = -2*o + 1282407. Is h composite?
False
Suppose -8*g = 5*g - 408590. Suppose 20*o - 291450 = -g. Is o composite?
False
Let m = 336 + -335. Let v(i) = 595*i - 12. Is v(m) a prime number?
False
Let c(y) = -4752*y - 395. Is c(-2) a prime number?
True
Let n(y) = 11860*y - 8867. Is n(30) a composite number?
False
Suppose 4*y - 44*b - 478301 = -49*b, 0 = -3*y + b + 358740. Is y a composite number?
True
Suppose -15*f = -132545 - 2265905 - 155165. Is f a composite number?
True
Let z = -9 - -11. Suppose -z*l = -16 - 48. Suppose 0 = l*q - 36*q + 1028. Is q a composite number?
False
Let h = 228243 - 155822. Is h prime?
True
Suppose -4*u = 15*u - 95. Suppose 2*l - 4*x = 4102, -l + 6*x + 2048 = u*x. Is l a prime number?
False
Let b = 78 - 74. Suppose 5*c + 39 = b*w, -3*c - 26 = -3*w + 7. Suppose -w*n = -n - 54645. Is n a composite number?
False
Let d(t) = 15*t**2 + 41*t + 699. Is d(-17) prime?
True
Let p(f) = -59695*f - 1117. Is p(-2) a composite number?
False
Let n(t) = 19651*t - 3144. Is n(43) composite?
False
Suppose 5*a + 4*w - 18 = 0, -2 - 2 = -3*a + w. Suppose -350 - 68 = -4*b + 2*o, -5*o + 15 = 0. Suppose 2*n + 3*f - b = -a*f, 53 = n - 3*f. Is n prime?
True
Let a be 21/8 + (0 - (-30)/80). Let d(r) = -90*r + 6. Let j be d(-6). Suppose -5*n + j = 3*m, -2*n + a*m + 265 - 34 = 0. Is n a prime number?
False
Let p be (-162)/10 - (-9)/45. Let k be p/(-2) - 2/1. Let a(w) = 33*w + 1. Is a(k) prime?
True
Is (750572/(-31))/(-4 + (-3 - -5)) prime?
False
Let b(h) = 20201*h**2 + 95*h - 95. Is b(1) composite?
False
Let n(l) = 63*l - 10. Let v = 69 + -46. Suppose 22*p - v*p + 3 = 0. Is n(p) prime?
True
Let p = 20 + -13. Let c(m) = 1282*m**2 - 4*m + 5. Let o be c(-2). Suppose 0 = 4*z - f - 5135, p*z - 3*z - 3*f - o = 0. Is z prime?
True
Let c(k) = -k**3 + 28*k**2 - 28*k + 29. Let j be c(27). Suppose -5*v = -2*x - 3*x - 3865, j*x + 8 = 0. Is v prime?
True
Is (-953386)/(-28)*(-18 - -20) a composite number?
False
Let b(m) be the third derivative of 1259*m**5/30 + 31*m**4/24 + m**3/2 + 33*m**2. Let s be b(-13). Is s/198 - 2/11 prime?
False
Suppose 0 = 2*v - 11*v + 3254301. Suppose 13*r - v = -6*r. Is r composite?
False
Is -184364*(7/6)/((-12)/18) composite?
True
Let h(r) = -896*r**3 - 2*r**2 + 5*r + 6. Suppose 0 = -3*f - y - 2, 0 - 3 = -f - 4*y. Is h(f) a prime number?
False
Let s(i) = -2*i**3 + 6*i**2 + 2*i + 5. Let j be s(4). Let g(t) = -t**3 - 4*t**2 + 25*t + 41. Is g(j) a prime number?
False
Let i(z) = 10176*z**2 + 15*z + 8. Is i(-2) a composite number?
True
Let o = -3625 + 81992. Is o composite?
False
Suppose -22*i + 1284523 = 227621. Is i prime?
False
Suppose 0 = 11*d - 31 - 2. Let w(q) = 79*q**2 - 18*q + 44. Is w(d) a composite number?
False
Let t = -38166 + 11950. Let s = 39109 + t. Is s a composite number?
False
Suppose -10*f = -12*f + 57578. Suppose -51833 = -5*b - 3*h, -5*b = -4*h - 23072 - f. Is b prime?
True
Let k(y) = 4980*y**2 + 145*y + 549. Is k(-4) prime?
False
Is 10/(-4) - (-24 - (-48141)/(-54)) a composite number?
True
Let t = 6225 + -2991. Let v = t - -4009. Is v prime?
True
Let v = -421 - -421. Suppose -4*j + 5*k + 2381 = v, 4*k + 2788 = 3*j + 1003. Is j prime?
True
Suppose -13*n - 14862937 = -11*n - 39*n. Is n prime?
False
Let h(x) = 2836*x + 239. Is h(2) a prime number?
False
Suppose 0 = 27*i - 31*i + 428. Suppose i*f + 224098 = 121*f. Is f composite?
False
Let g = -250968 + 384229. Is g a prime number?
True
Let o(s) = s**2 - 6*s - 1. Let u be o(4). Suppose 26 = -597*v + 610*v. Is v/(-8) + ((-20655)/12)/u a composite number?
False
Let c = -226632 + 1356845. Is c prime?
False
Let w = -64606 + 125803. Is w a prime number?
False
Suppose -3*v + 12 = -5*j, -4*v - 8 = -2*j - 10. Is (v + 0)*-5557*(-17 - -18) prime?
True
Let d(b) = 13*b**3 - 10*b**2 + 23*b - 6. Let i be d(6). Suppose 0 = 3*q - 5*k - 3628, -2*k + i = -4*q + 7422. Is q composite?
True
Let y = 101 - 93. Suppose 66 = y*m - 3478. Is m a prime number?
True
Suppose -8*c = -10*c + 16. Let g(s) = 10*s**2 - 7*s + 8. Let j be g(c). Suppose -5*b + 6*i = 3*i - 2920, -i = b - j. Is b a composite number?
False
Let o be 19319/(-5) - (-144)/180. Let n = -1404 - o. Is n a prime n